 - 23 = q. What is the units digit of v?
8
Let z(g) = g. Let n be z(1). What is the units digit of -1 + n*(5 - -2)?
6
Suppose 7*w + 8 = 11*w. Suppose w*x = 4*t + 4 + 50, 5*t = -4*x + 82. What is the tens digit of x?
2
Suppose 6 = 2*d + z, 4*d - 4*z = -9 + 21. What is the units digit of (13 - 7)*11/d?
2
Suppose 0 = h - 5*h + 16. Suppose -h*d = -6 - 26. What is the units digit of d?
8
Let d = -1 + 2. Let q(z) = 2*z**3 + 2*z**2 - 1. Let y be q(d). What is the units digit of (-3)/(y/(-2))*4?
8
Suppose 4*k + 36 = 6*x - x, -4*k + 4 = 0. Suppose 4 + 2 = -5*z - 4*i, -z + 3 = 5*i. What is the units digit of (-1)/(2*z/x)?
2
Let m(d) be the first derivative of 19*d**3/3 + d**2 + d - 1. What is the units digit of m(-1)?
8
Let y = 14 - 11. Suppose -y*x = -4*g + 18 + 8, 3*g + 5*x - 5 = 0. What is the units digit of g?
5
Let j = 4 - 6. Let a be 2/(-9) + 175/(-63). What is the units digit of j/a - 3/(-9)?
1
Suppose -5*h + t + 974 = 0, 2*t - 7*t = -5. What is the units digit of h?
5
Let v = 13 - 10. Suppose -3*t - 12 = 0, 4*t + 8 = v*q - 44. What is the tens digit of q?
1
Let d = -209 - -420. What is the units digit of d?
1
Let y(b) = -6*b**3 - 2*b**2 - b - 1. What is the tens digit of y(-2)?
4
Suppose 4*o - 5 = 7. Suppose -3 = -m + o. What is the units digit of m?
6
Let v(g) = g**3 + 9*g**2 - 12*g + 3. Let d be v(-10). Suppose -13 = -4*f + d. What is the units digit of f?
9
Let l = 173 - 96. What is the units digit of l?
7
Suppose -5*x = 5*h - 40, 0*h - 3*h + 4 = -2*x. Suppose x*j + j = -90. What is the units digit of (j/15 - 0)*-5?
6
Suppose 0*d = 2*d. Let j = 27 - d. Suppose -5*s = -j + 2. What is the units digit of s?
5
Let h = -185 + 302. What is the hundreds digit of h?
1
Let z(p) = -p. What is the units digit of z(-4)?
4
Let p(x) = -x**2 + x + 1. Let y be p(-1). Let d(z) = 33*z**2 + z. What is the units digit of d(y)?
2
Let l = 0 - -3. Suppose -j = -1 + 4. Let d = l - j. What is the units digit of d?
6
What is the hundreds digit of 3/15 + 1632/15?
1
Let w = -53 - -17. Let n = w + 77. What is the tens digit of n?
4
Suppose 0*x = 4*x - 16. Let t = x + -3. What is the units digit of t*(0 - (-3 - 0))?
3
Suppose 4*b - 24 + 0 = 0. Let h = -4 + b. What is the units digit of h?
2
Suppose 5*z + 4*l = 0, l = 3*l. Suppose 4*p + z*p - 64 = 0. What is the tens digit of p?
1
Let b = -87 - -164. Suppose -d - 16 = z + 1, 3*z - b = 5*d. Let i = d - -30. What is the tens digit of i?
1
Let f be (-1)/(-1) + -1 + 3. Let t be 14/6 + (-1)/f. Let l = 2 + t. What is the units digit of l?
4
Let v be (-23 - 2 - -1) + 0. Let t = -9 - v. What is the units digit of t?
5
Let m be -2*(-3)/12*6. Let d(f) = -f**3 + 7*f**2 - 2*f - 4. What is the units digit of d(m)?
6
What is the units digit of 5 + -2 + (46 - -2)?
1
Let t = -60 + 100. What is the units digit of t?
0
Let h(c) = -2*c**2 + 6*c - 4. Let a(x) = x**2 - 5*x + 3. Let f(r) = 3*a(r) + 2*h(r). Let g(d) be the first derivative of f(d). What is the units digit of g(-2)?
1
Suppose -157 = -4*k - h, 3*k = -2*h - 3*h + 105. What is the units digit of k?
0
Suppose -3 = 3*i - 9. Suppose -2*d - 5*h = i*d - 108, -d = -5*h - 2. What is the tens digit of d?
2
Let a(u) = -u**2 + 8*u + 7. Suppose -3*b - 7 = 4*i, 4*i + b = 3*b - 22. Let x be (-27)/i - (-1)/4. What is the units digit of a(x)?
4
Suppose 5*k + 363 = 8*k. What is the tens digit of k?
2
Let t = 0 + 18. What is the units digit of (-141)/(-27) - 4/t?
5
Suppose -117 = -2*s - 23. What is the units digit of s?
7
Let u(t) = t**3 - 4*t**2 - 14*t + 11. What is the units digit of u(7)?
0
Suppose v - 5*j = 23, -8 = -0*j + 2*j. Suppose 0 = v*t - 4 - 17. What is the units digit of t?
7
Let b(p) = 2*p + 7. Let u(f) = f + 6. Let d(m) = -5*b(m) + 6*u(m). Suppose 0 = -s - 4 + 2. What is the units digit of d(s)?
9
Let d(h) = -h**3 + 2*h**2 + 3*h. Let i be (9/(-6))/((-3)/(-6)). What is the units digit of d(i)?
6
Let f = 3 - 3. Let z be 6 - (f + 6/(-3)). Suppose -2*p = -2 - z. What is the units digit of p?
5
Let q be (3 + (-9)/(-3))*1. Suppose -34 = -q*z + 4*z. What is the tens digit of z?
1
Let d(n) = -2*n - 8. Let c be d(-6). What is the tens digit of 6*(3 + 14/c)?
3
Suppose -3*u = 2*u, 3*p = 4*u + 48. Suppose -4*v = r + 2*r - 52, 0 = -4*r + p. What is the units digit of v?
0
Suppose 2*p - 11 = 3*p. Let m = 6 + p. Let l = m + 21. What is the tens digit of l?
1
Suppose -5*l - 21 = -6, -5*g + 29 = 2*l. Let s = 5 - g. Let y(j) = -j**3 - j**2 + 3*j + 3. What is the units digit of y(s)?
1
Suppose -5*w + 6 + 14 = 0. Let t be 3*((-4)/3)/w. What is the tens digit of (-9)/(-6)*(-10)/t?
1
Let x(f) = -1 + f + f - 1. Let r be x(2). Let k = r - 1. What is the units digit of k?
1
Let u(b) be the first derivative of -b**4/4 - b**3/3 + 13*b + 5. Let p = -1 - -1. What is the units digit of u(p)?
3
Suppose 0 = 4*k + 7 - 55. What is the tens digit of k?
1
What is the units digit of 5*(-3 - -6) - -3?
8
Suppose -4*m + 138 = -m. Let g = m - 78. Let y = -18 - g. What is the tens digit of y?
1
What is the hundreds digit of 215 + (2 + 2)/2?
2
Let w = 526 + -336. What is the tens digit of w?
9
Let d = 6 - 8. Let z be (-6)/(-2) + (-1 - d). Let r = z + -2. What is the units digit of r?
2
Let m be (0/(2/2))/(-1). Suppose 5*k + 0 + 5 = m. What is the units digit of 0 + 1 - (k - 1)?
3
Let p = -47 + 96. Let r = p - 33. Let j = -3 + r. What is the tens digit of j?
1
Let r(k) = -k + 20. Let n be r(0). Suppose 3*j - n = 16. What is the tens digit of j?
1
Suppose -2*h - 2*a = -4*a + 10, -a = 1. Let n be (2*-2)/(8 + h). What is the tens digit of 1 + ((-22)/1)/n?
1
Let y(f) be the second derivative of -f**3 + 3*f**2 + 2*f. Let x be y(-8). What is the units digit of x/10 - (-15)/25?
6
What is the hundreds digit of (-4)/3*-95 - (-4)/(-6)?
1
Let z be (-310)/18 + 2/9. Let o = -10 - z. What is the units digit of o?
7
Suppose 4*m - 237 = -57. What is the tens digit of m?
4
Let h = -3 - 2. What is the units digit of 31 - (-4)/(h - -1)?
0
Let z(w) = -w**3 + 8*w**2 + 10*w + 9. Suppose 0 = -10*s + 5*s + 45. What is the units digit of z(s)?
8
Suppose 0 = j - 8. Let i(g) = -2*g + 10. Let z be i(3). Suppose -z*d + 8 + j = 0. What is the units digit of d?
4
Let s be -66 + 1 + (2 - 1). Let d = 95 + s. What is the units digit of d?
1
Let z be (-10)/(-4) + (-1)/2. Suppose -1 = -f, 4*x + z*f - 47 = 3*f. What is the tens digit of x?
1
Let q be 1 - (5 + -3) - -5. Suppose 0*j = -q*c + 5*j + 26, 5*c + j - 18 = 0. Suppose -c*z + 25 = 4*d - z, 2*z = -5*d + 26. What is the units digit of d?
4
Let z = 464 + -303. What is the units digit of z?
1
Suppose 4*m - 10 - 10 = 0. Suppose 97 = 4*b + m*v, 4*b - 57 - 33 = 2*v. Let w = b + -14. What is the units digit of w?
9
Suppose -q = -5*y - 0*y - 15, -23 = 2*y + 3*q. Let t = 5 + y. What is the units digit of t?
1
Suppose 2*n = 7*n - 195. What is the units digit of n?
9
Let w(m) = -m**3 - 13*m**2 - 11*m + 4. Let v be w(-12). Let x(l) = -l**2 + 3*l + 1. Let p be x(6). Let z = v - p. What is the units digit of z?
9
Suppose -4*t = -5*q + 243, q + 4*t - 8*t - 55 = 0. What is the units digit of q?
7
Suppose -3*y + 40 = -5*p, -3*y - 4*p + 10 = -3*p. Let m(x) = 2*x - 3. Let i be m(y). Let w(s) = s**2 - 5*s - 8. What is the units digit of w(i)?
6
Suppose -2*k + 1 = -n - 7, -n + 27 = 5*k. Let x = 5 - n. What is the tens digit of (-2 - 0)/(x/(-18))?
1
Let q(v) = -2 + 5 + 0*v + 2*v**2 + 2*v - 8*v. What is the tens digit of q(5)?
2
Suppose -5*z = 6 - 61. What is the units digit of z?
1
Let q = 26 + 8. What is the units digit of q?
4
Let v be 2*((-1)/(-2) - -1). Let p be (-3 + 0)/((-21)/(-14)). What is the units digit of v + p - 2 - -2?
1
Let k = -31 + 44. Let g = 7 + k. What is the tens digit of g?
2
Let o(g) = g**2 + 7*g + 3. Let l = 9 - 16. What is the units digit of o(l)?
3
Suppose -104 = -4*t + 2*t. What is the units digit of t?
2
Suppose -2*c + 18 = 3*w, 0*w = -2*c + 3*w + 30. What is the units digit of c?
2
Let u(x) = 6*x**2 + 10*x + 7. What is the tens digit of u(-8)?
1
Suppose 0 = 11*s - 227 + 18. What is the tens digit of s?
1
Let u(k) = 19*k**3 + 2*k**2 + 2*k + 1. Let a be u(-1). What is the units digit of (6/4)/((-3)/a)?
9
Suppose 130 = 7*d - 2*d. What is the tens digit of d?
2
Let y be (-3)/((-2)/((-24)/(-9))). Let m be (-9)/6*y/(-2). Suppose -m*b + 9 = -0*b. What is the units digit of b?
3
Let p(k) = -3*k - 15. Let h